8. What is the tens digit of q?
9
What is the units digit of (-76)/(-10) + 22/55?
8
What is the tens digit of 3 - 0 - (-9 + 2)?
1
Let h be (2/(-5))/(4/180). Let s = 27 + h. What is the units digit of s?
9
Let d(b) = 5*b - 6. Let p(m) = 5*m**2. Let v be p(1). What is the units digit of d(v)?
9
Suppose -25*m = -39*m + 2954. What is the hundreds digit of m?
2
Let n(t) = t**2 + 7*t + 8. Let m be n(-6). Let p = m - 0. What is the units digit of p?
2
Suppose 2*y - 10 = -5*w, 2*y - 2*w = 3*y - 5. Suppose 3*f + 2*f - y = 0. What is the units digit of f?
1
Let r be 269/(-3) - 2/6. What is the tens digit of (-2680)/r - 4/(-18)?
3
Suppose 4*a + 60 - 20 = 0. What is the units digit of ((-52)/(-5))/((-4)/a)?
6
Let m(x) = -x**2 + 11*x + 14. Let v be m(12). Suppose 4*a + 14 + v = 0, -24 = -2*h + 2*a. What is the units digit of h?
8
Let p(u) = -2*u**3 - 8*u**2 - 7*u. Let w(a) = -a**2 - a. Let k(x) = p(x) - 6*w(x). Suppose -4 = 5*m + 1. What is the units digit of k(m)?
1
Let t(c) = c**3 + 3*c**2 - 2*c - 3. Let k be t(-3). Suppose -4*m = -k*m - 8. What is the units digit of m?
8
Let o be (0 - -1) + 0 - -5. Suppose -x = -o - 10. What is the units digit of ((-10)/(-8))/(2/x)?
0
Let k(b) = -2*b + 9. What is the units digit of k(4)?
1
Let n = 7 - 12. What is the units digit of ((-31)/4)/(n/20)?
1
Let z(m) = -m**3 + 4*m**2 + 9*m - 5. What is the tens digit of z(4)?
3
Let n = 55 + -82. Let s = n + 55. Suppose s = 4*i - 28. What is the tens digit of i?
1
Let x be ((-57)/(-4))/(24/64). Let o = -26 + x. What is the tens digit of o?
1
Let p = 69 + -28. What is the units digit of p?
1
Let g = 6 - 4. Let u be -2 + 3/(-3) + g. What is the units digit of 28/10 + u/(-5)?
3
Let o(w) = -w**2 - 16*w + 12. Let g be o(-10). Suppose -15 = 3*m + g. Let z = -19 - m. What is the units digit of z?
0
Suppose 0 = z + 1 + 1, 26 = t + 4*z. What is the units digit of t?
4
Let b(j) = 1 - 4*j + 4*j + 17*j**2. What is the units digit of b(1)?
8
Let o = 16 + -10. Suppose -r - 2 = -o, -4*r + 13 = -3*a. What is the units digit of a?
1
Let g(a) = 9*a - 9. What is the units digit of g(19)?
2
Let r(t) = 2*t + 15. What is the units digit of r(19)?
3
Suppose 653 + 7 = 4*a. What is the hundreds digit of a?
1
Let j(g) = g**3 + 4*g**2 - 5*g + 1. Let h be j(-5). Let y(r) = 1 - r + 8*r + 2*r. What is the units digit of y(h)?
0
Suppose -a + 143 = u, 0 = -u - 3*a - 0*a + 137. What is the units digit of u?
6
Let y = 1 + 1. Suppose 0 - 4 = -y*b. What is the units digit of b/10 - 68/(-10)?
7
Let w(h) = -h**3 + 5*h**2 + 6*h - 7. Let l be w(6). Let t(s) = -2*s - 7. What is the units digit of t(l)?
7
What is the tens digit of (1324/8 - 3) + 1/2?
6
Let s(z) = 5*z**2 - 3*z + 2. Let k = -2 + 4. What is the units digit of s(k)?
6
Suppose y + 106 = 2*y - 2*g, 0 = -4*y - 3*g + 457. What is the units digit of y?
2
What is the tens digit of (-120)/(-18)*(17/2 + -1)?
5
Let r(b) be the second derivative of b**3/6 + 3*b**2 + 4*b. Let s be r(8). What is the units digit of 4/s - (-24)/14?
2
Suppose -6*j = 3*l - 2*j - 32, 2*l - j = 3. Suppose -5*t = -6*t + l. What is the units digit of t?
4
Let t = -17 - -32. Let p = 3 + t. What is the tens digit of p?
1
Let a be (6/8)/((-3)/(-12)). Suppose a*b + 1 = 10. What is the units digit of ((-2)/b)/(4/(-30))?
5
Let v(d) be the first derivative of d**2 + 24*d + 1. What is the tens digit of v(10)?
4
Suppose -5*i - 130 = -720. What is the tens digit of i?
1
Let h(z) = -z**3 - z. Let i(o) = -3*o**3 - 12*o**2 - 5*o + 17. Let x(s) = -4*h(s) + i(s). What is the units digit of x(12)?
5
Let v(z) = z + 12. Let g be v(-7). Let m = g + -7. What is the units digit of 16*(-2)/m + 3?
9
Let k = 177 - 106. What is the tens digit of k?
7
Let k(q) = -1 + 4*q + 2*q - 4*q. Let w be 2/3*(-3)/(-2). What is the units digit of k(w)?
1
What is the hundreds digit of ((-605)/(-10))/((-3)/(-6))?
1
What is the tens digit of (9 + -2)*3/1?
2
Suppose 3*t = -4*c + 20, 3*c = t - 2*t. Suppose -3*s = -s - t. What is the units digit of s?
6
What is the units digit of 4/26 - (-2005)/65?
1
Let p(w) = w**3 + 3*w**2 - 2. Let y be p(-2). Let z be 4 - y - (-8)/1. What is the tens digit of -3 + 4 + (z - 1)?
1
Let j(i) = 1 + 4 - 1 - i. Let p be j(6). What is the tens digit of 0 - p - (-18)/2?
1
Let b = -21 - -14. Let k = 10 + b. What is the units digit of k?
3
Let p(a) = -a**3 - 12*a**2 - a + 14. Let l be p(-12). Suppose l*n - 29*n + 63 = 0. What is the units digit of n?
1
Let r(w) = 2*w**2 + 8*w - 9. Let f be r(-7). Suppose 0 = 3*s + 3*k - f, k = s - 0*s - 9. What is the units digit of s?
0
Suppose 0 = -t - 0*t + 20. Let q be t/(-70) + 172/14. Let f = 22 - q. What is the units digit of f?
0
Let z(x) be the second derivative of x**6/120 + x**5/12 + x**4/8 - 3*x**2/2 + x. Let u(a) be the first derivative of z(a). What is the units digit of u(-4)?
4
Suppose 0 = -4*q + 6*q + 4. Let l = 0 + q. Let v = l + 5. What is the units digit of v?
3
Suppose 4 = -0*x + 4*x. Let o(b) = 10*b**2 - b + 1. What is the tens digit of o(x)?
1
Let w(t) = t**3 + 4*t**2 - 2*t - 5. Let u be w(-4). Let d = u - -1. Suppose -3*g + d*y = -6, -4 = -2*g + y - 2*y. What is the units digit of g?
2
Let u = -73 - -136. What is the units digit of u?
3
Suppose -2*l + 0*l - 4 = 0. What is the tens digit of 33 + l + 2 + 0?
3
Suppose -2*j = -5*j - 336. What is the units digit of (j/21)/((-2)/3)?
8
Let f be 0 + 0/(-1) + -4. What is the units digit of 16/6 - f/(-6)?
2
Suppose -2*m - 3 + 25 = -3*i, -m + 25 = -5*i. Let r(s) be the first derivative of -s**4/4 - s**3 + s**2 - s + 1. What is the units digit of r(i)?
7
Suppose h - 4*h + 6 = 0. Suppose 58 = h*a - 22. Suppose a = 5*i + 5. What is the units digit of i?
7
Suppose -g + 7 = -26. Suppose 2*u - g = -u + 3*d, 0 = 4*u + 4*d - 68. What is the units digit of u?
4
Suppose -16*k = -14*k. Suppose -4*d + 5*h = -k*d - 39, 5*h = d - 6. What is the units digit of d?
1
Let b(i) = i**2 + 8*i - 16. What is the tens digit of b(-13)?
4
Let j be (3/9)/(1/(-3)). Let t(q) = 5*q - 3. Let f(y) = -5*y + 2. Let l(m) = 4*f(m) + 3*t(m). What is the units digit of l(j)?
4
Suppose -44 = -2*j - 0*j. What is the tens digit of j?
2
Suppose -l = -2*p + p, -2*l - p + 3 = 0. Suppose 4 = -j, -l = f - 2*j + 6*j. What is the units digit of f?
5
Suppose 0*h = 2*h + 870. Let x be h/(-21) + 2/7. Let l = x - 12. What is the units digit of l?
9
What is the tens digit of 10/(-15)*(-6)/(-4) - -174?
7
Suppose -5*l + 47 = -103. Suppose 0*v = -3*v + l. What is the tens digit of v?
1
Let p = 0 + -2. Let m = 4 + p. What is the units digit of m?
2
Suppose 0 = 3*r - r. Suppose r = 3*a - 6*a. Suppose -2*w + 24 = 2*w - f, a = -4*f - 16. What is the units digit of w?
5
Suppose 5*f + 18 = -2, -4*f + 92 = 4*l. Suppose -3*q = -3*b - l, -4*b + 5*b = -4*q + 56. What is the units digit of q?
3
Suppose 8*x - 535 = 3*x - 4*d, 5*d = 4*x - 428. What is the units digit of x?
7
Let f(n) be the first derivative of -3*n**2/2 - 9*n - 4. What is the tens digit of f(-9)?
1
Suppose 0 = -5*v + v + 836. What is the tens digit of v?
0
Let a(z) = z - 3. What is the units digit of a(7)?
4
Let l(d) = -11*d - 8. Let y be l(-6). Let f = -37 + y. What is the tens digit of f?
2
Let b(w) = 7*w + w + w + 1 + 5. What is the units digit of b(3)?
3
Let l(p) = p**2 + 5*p + 3. Let h(s) = 3*s**2 + 9*s + 5. Let b(o) = -2*h(o) + 5*l(o). What is the units digit of b(7)?
5
Let g = -94 + 357. What is the units digit of g?
3
Let g be (-26)/(-8) - (-3)/(-12). Suppose -3*x = -3 - g. What is the units digit of x?
2
Let m(q) = -12*q + 5. Let y be m(-4). Suppose 0 = 2*s - 4*s + 3*o + 36, -4*o - y = -3*s. What is the units digit of s?
5
Let f be ((-10)/(-3))/((-5)/60). Let k = -27 - f. What is the units digit of k?
3
Suppose 0 = -4*f + 2*f - 5*m + 3, -f + 7 = -3*m. Suppose 0 = 3*x - f*s - 38, 5*x + 3*s + 11 - 113 = 0. What is the tens digit of x?
1
What is the units digit of 3/4 + (-1099)/(-28)?
0
Let i = 639 + -447. What is the units digit of i?
2
Let b = -19 - -20. What is the units digit of (b - 4)*70/(-15)?
4
Let s(j) = -j**3 - 6*j**2 + j + 12. What is the tens digit of s(-8)?
3
Let k(y) be the third derivative of y**6/120 + y**5/30 - 7*y**4/24 - y**3 + 3*y**2. Let v be k(-4). Let l = v - -17. What is the units digit of l?
7
Let l(c) = c**3 + 5*c**2 - 6*c + 2. Let p be l(-6). Let d = p + 3. What is the units dig